ppose -y + p = 31. What is the remainder when y is divided by 31?
28
Let a(z) = 111*z**2 - 6*z. Calculate the remainder when a(1) is divided by 35.
0
Let l be 14/(-2) + 2 + 3. What is the remainder when 11 is divided by 14/4 - 1/l?
3
Let c = 23 + -21. Suppose 5*w - 2*l = 102, -c*l + 58 = w + 2*w. Calculate the remainder when 57 is divided by w.
17
Calculate the remainder when 201 is divided by 3/6 - (138/(-4))/3.
9
Let v = 11 + 1. Suppose -6*y = -7*y + 73. Let k = y + -51. What is the remainder when k is divided by v?
10
What is the remainder when (-20)/(-11 + 6) + 29 is divided by 6?
3
Let z = -16 + 19. Suppose -z*m + 4 = -23. What is the remainder when (0 - (26 - 1))*-1 is divided by m?
7
Suppose u + 3*u = 4*q + 348, -2*q - 8 = 0. Calculate the remainder when u is divided by (-111)/(-5) - (-36)/(-180).
17
Calculate the remainder when 86 is divided by (-102)/68*196/(-6).
37
Suppose -4*p - 2*h = -3*h - 200, -67 = -p - 4*h. Suppose -5*n + 12 = -3, 0 = -3*r - 3*n - 36. What is the remainder when p is divided by 1/1*-1*(r - -2)?
12
Suppose 3*k + 2*y + 4 = 51, -57 = -4*k + 3*y. Calculate the remainder when 101 is divided by k.
11
Let m = 20 - 20. Suppose -4*j = 4*v - 12 - m, 4*j - 26 = 3*v. Suppose 78 = -2*k + j*k. What is the remainder when 102 is divided by k?
24
Let d(w) = -9*w - 9. Let z(j) = -4*j - 5. Let r(m) = -4*d(m) + 7*z(m). Suppose -10 = -3*s + 26. What is the remainder when r(4) is divided by s?
9
Suppose 0 = 59*q - 45*q - 2562. What is the remainder when q is divided by 2*-1 - 8*-6?
45
Let k(p) = 6*p - 2. Suppose 96 = -14*c - 1920. Let g = c - -175. Calculate the remainder when g is divided by k(3).
15
Suppose 53*k - 32*k - 504 = 0. What is the remainder when k is divided by 6?
0
Let z = 30 - 18. Let i(x) = -x + 18. What is the remainder when 27 is divided by i(z)?
3
Suppose 3*a + d + 4 = 81, -a + 4*d + 17 = 0. Let t = 150 - 51. What is the remainder when t is divided by a?
24
Let n(t) = t**2 + t + 1. Suppose -7*z = i - 5*z - 71, -315 = -5*i - 2*z. What is the remainder when i is divided by n(3)?
9
What is the remainder when (1650/(-18) + 8)/((-2)/6) is divided by 18?
17
Suppose -h - n - 5 = 4*h, 4*h - 5*n = -33. Let w = h - -3. What is the remainder when w is divided by (-46)/(-161) + (-10)/(-14)?
0
Let r = -11 - 21. Let z = r - -44. What is the remainder when 118 is divided by z?
10
Suppose -5*o + 3*s + 16 = 4*s, 2*o - 2 = 4*s. Suppose o*l - 80 = 46. What is the remainder when l is divided by 11?
9
Let z = 1 - -1. Calculate the remainder when -4 - (13/(1326/(-726)) - 4/(-34)) is divided by z.
1
Suppose -14*g - 4 = -12*g. Calculate the remainder when 57 is divided by (-10)/(-15)*(-45)/g.
12
Suppose 5*g - 115 = 4*x, 4*g - 38 = 3*x + 53. Let i be (-1)/(2/14) - 1. Let t(s) = -s**3 - 7*s**2 + 2*s + 7. What is the remainder when t(i) is divided by g?
17
Suppose -71*u + 30*u + 2091 = 0. Calculate the remainder when 100 is divided by u.
49
Suppose -3*z = 4*z - 112. What is the remainder when 46 is divided by z?
14
Suppose g + 8 = -g, -3*g = -r + 20. Suppose 0 = b + 4*c - r, -17 - 118 = -5*b - c. Calculate the remainder when b is divided by 6.
4
Let r(k) = -3*k**3 + 15*k**2 + k - 4. Calculate the remainder when r(4) is divided by 1/((-1)/34*-2).
14
Suppose 16 = 4*k - 0. Suppose -k*r = -28 + 20. Suppose -r*q = -q - 23. What is the remainder when q is divided by 8?
7
Let l = -243 + 283. Calculate the remainder when 199 is divided by l.
39
Let v(w) be the third derivative of -5*w**2 + 1/6*w**3 + 0*w + 0 + 1/8*w**4. What is the remainder when v(1) is divided by 2?
0
Let i = -534 + 543. Calculate the remainder when 36 is divided by i.
0
Let d = 421 - 236. What is the remainder when d is divided by 63?
59
Let s = 285 + -53. Calculate the remainder when s is divided by 47.
44
Suppose -2080 + 1798 = -6*h. Calculate the remainder when 469 is divided by h.
46
Let r be (24/21)/((-4)/(-14)). Suppose 0*y = -2*y - 3*o - 16, 0 = -r*o + 16. Calculate the remainder when 26 is divided by 1 - (y + -1 + 2).
12
Suppose -50*h + 682 = -1168. Calculate the remainder when 590 is divided by h.
35
Let z(d) = -d + 1. Let r(y) = 2*y + 2. Let b(n) = 2*r(n) - 2*z(n). Suppose 3*k = 4*k - 39. Calculate the remainder when k is divided by b(2).
11
Let l be 0 + 2 + 0 - -1. Suppose -i - r - 13 = 2*i, l*i + 3*r + 15 = 0. Calculate the remainder when (14/21)/(i/(-282)) is divided by 12.
11
Let o(q) be the first derivative of q**3/3 - q**2/2 + 18*q - 28. Let z = -4 - -37. Calculate the remainder when z is divided by o(0).
15
Let b(o) = 42*o + 5. Let t be ((-6)/(-36))/(-2 + 39/18). Calculate the remainder when b(t) is divided by 13.
8
Let v(y) = y**3 - 22*y**2 + 39*y + 40. Calculate the remainder when 378 is divided by v(20).
18
Let g(b) = b**2 - 21*b - 44. Suppose 4*t - 41 = 59. What is the remainder when g(t) is divided by 19?
18
Let j = -1548 + 1764. What is the remainder when j is divided by 13?
8
Let s = 128 + -86. What is the remainder when 754 is divided by s?
40
Suppose 74*n - 4908 = 938. Calculate the remainder when 549 is divided by n.
75
Let f(j) = -9*j**3 + 17*j**2 - 10*j + 27. Let p(x) = 4*x**3 - 8*x**2 + 5*x - 13. Let z(w) = -3*f(w) - 7*p(w). Calculate the remainder when z(4) is divided by 2.
0
Suppose l + 37 = 71. Let r = l - 23. Calculate the remainder when 16 is divided by r.
5
Let t(o) = 2*o - 1. Let l(y) = y. Let i(g) = -7*l(g) + 4*t(g). What is the remainder when 9 is divided by i(8)?
1
Suppose -4*q - 16 = 0, -3*k - 2*k + 161 = -4*q. Calculate the remainder when 109 is divided by k.
22
Let p(g) = -36*g + 10. Calculate the remainder when p(-2) is divided by 26.
4
Let m be (-1)/((-23)/6 + 4). Let v = -7 - m. Calculate the remainder when (-95 - 1 - 1)/v is divided by 25.
22
Let s(c) = 3*c**3 - 7*c**2 + 9*c - 14. What is the remainder when s(3) is divided by 17?
14
Let x be (312/10)/(1/5). Let j = -97 + x. Calculate the remainder when j is divided by (-32)/(-2) + 2/(-2).
14
Suppose 3*l + q - 3 = 2*l, -2 = -4*l + q. Let h be (l - -2) + (1 - 2). Calculate the remainder when ((-21)/h + 0)*-2 is divided by 6.
3
Let j(f) be the first derivative of 2 - 4 + 2*f**2 - 12*f + 3. What is the remainder when j(5) is divided by 3?
2
Let t(i) = -i**3 - 7*i**2 + 17*i + 28. What is the remainder when t(-9) is divided by 14?
9
Suppose -4*w + 2*p + 2 = 4*p, -4*w - p = -1. Calculate the remainder when 83 is divided by (-13 + -4)/(w + -1).
15
Let y be 0 + -3 + 205/(-5). Let q be (-1)/2*(y - -2). Suppose -3*z + 0*z = -q. Calculate the remainder when z is divided by 4.
3
Suppose 0 = 5*r + 6 - 31. Suppose r*c + 5 = -5*j + 40, -j = 4*c - 19. Calculate the remainder when 26/3 - (-1)/3 is divided by c.
1
Let j(a) = a**3 - 2*a**2 - 8*a + 5. Let u be j(4). Suppose 10 + 7 = k + u*t, 12 = -4*t. What is the remainder when k is divided by 9?
5
Let l = 2 + -1. Let v = -4078 + 4079. Calculate the remainder when l is divided by v.
0
Let v(q) be the second derivative of -2*q**3/3 - 4*q**2 + 14*q. What is the remainder when 15 is divided by v(-4)?
7
Let c = 141 - 47. What is the remainder when c is divided by (-275)/(-15)*((-270)/25)/(-6)?
28
Suppose 57 = v + 3*q, 0 = -2*v + v + 2*q + 72. Suppose -d = 2*d - v. Calculate the remainder when 104 is divided by d.
16
Suppose -36*w + 16 = -2936. Calculate the remainder when w is divided by 14.
12
What is the remainder when (88/(-16) + 2)/((-2)/68) is divided by 11?
9
What is the remainder when 10 - (-444 - (5 + -7)) is divided by 65?
62
Suppose -675 = -14*g - 11*g. Let m(t) = t**3 - 7*t**2 - 6*t - 2. Calculate the remainder when g is divided by m(8).
13
Suppose 16 = r + 3*r. Let s(l) = -l**2 + 6*l - 5. Let a be s(r). Suppose 64 + 77 = a*o. What is the remainder when o is divided by 16?
15
Calculate the remainder when (-4322)/(-32) - (-89)/(-1424) is divided by 49.
37
Let p(u) = u**3 + 5*u**2 - 1. Let r be p(-5). Let z = r - -3. What is the remainder when 2 is divided by z?
0
Let x = 67 + -95. Let m = 13 - x. Calculate the remainder when m is divided by 12.
5
Let b(i) = i**3 + 11*i**2 + 29*i + 30. What is the remainder when 3/6 + (-270)/(-4) is divided by b(-7)?
22
Let n(h) = -h**2 - 3*h + 8. Let d be n(-6). Suppose -9*r = -272 - 151. What is the remainder when r is divided by -20*(3 - (-38)/d)?
15
Let q = 34 - 10. Let t = 174 - 149. Suppose 29*i - t*i = 